 n**4/2 - 3*n. Let k(d) be the third derivative of r(d). What is the units digit of k(-5)?
0
Let t(r) = -2*r**2 - 5*r + 7. Let y be t(-6). Let b = y + 58. What is the tens digit of b?
2
Let o = 4539 - 2774. What is the hundreds digit of o?
7
Suppose 4*b - 5*k - 763 = 886, 3*b - 3*k = 1233. What is the units digit of b?
6
Let o = 2861 - 1791. What is the hundreds digit of o?
0
Let q(o) = 13*o - 93. What is the tens digit of q(34)?
4
Let u = -26 + 150. What is the hundreds digit of u?
1
Let t be (-4 - -5)*(-3 + 3). Suppose 4*j + j - 840 = t. What is the hundreds digit of j?
1
What is the units digit of (177 - -2)*1/1?
9
Suppose -63*j - 6905 = -68*j. What is the thousands digit of j?
1
Let n(i) be the third derivative of i**6/360 + i**5/40 - i**4/6 + 2*i**2. Let p(a) be the second derivative of n(a). What is the units digit of p(0)?
3
Let r(p) = -5*p + 23. Let o be r(15). Let i = 60 + o. What is the units digit of i?
8
What is the hundreds digit of (1/3)/((-10)/(-20130))?
6
Let z be (-36)/30*(-10)/(-3)*5. Let u = 2 - z. What is the units digit of u?
2
Let u = -1598 - -2809. What is the units digit of u?
1
Let w(o) = -o**2 + 2*o + 9. Let q be w(4). Let n be (-2 + q - -1)/(-2). Let c(x) = -x**3 - x**2 - 2*x + 44. What is the units digit of c(n)?
4
Let p = 34 + -25. Let n = p + -5. What is the tens digit of 8/(27/6 - n)?
1
Suppose -5*o + 470 = 5*f, -2*f - 421 = -4*o + 3*f. Let k be (o/22)/(6/376). Suppose j = 7*j - k. What is the units digit of j?
7
Let g = -51 + 43. Let w(n) = -2*n + 18. What is the tens digit of w(g)?
3
Let t be (-3*1)/((-30)/110). Suppose -8*k + t*k - 9 = 0. Suppose k*q - 4*z - 32 = -0*q, q + 5*z + 2 = 0. What is the units digit of q?
8
Suppose -p + 788 = 4*k - 2367, -2365 = -3*k - 2*p. What is the units digit of k?
9
Let r(h) = 2*h + 1. Let a be r(-1). Let y(s) = -22*s. Let w be y(a). What is the tens digit of (-6 - -7)/(2/w)?
1
Let c(l) be the first derivative of l**4/4 + 3*l**3 - l**2 - 6*l + 7. What is the tens digit of c(-8)?
7
Suppose 2*q = 3*d + 3103, 0 = -2*q - 2*d + 1821 + 1267. What is the tens digit of q?
4
Suppose 0 = -5*j + 2*m + 2849, -420 - 2433 = -5*j + 4*m. What is the hundreds digit of j?
5
Let k = 29 + -30. What is the tens digit of (-2 - k)/(((-16)/180)/4)?
4
Let s = -7 - -7. Suppose s = -5*v - 0 + 5. What is the units digit of ((-85)/(-15))/(v/6)?
4
Let d = -35 - -12. Let s = d - -58. What is the tens digit of s?
3
Suppose b - 1418 = -2*p + 3070, 0 = -2*p - 4*b + 4482. What is the tens digit of p?
4
Let m be 8/32 - 57/(-12). Suppose 3*u = -3*o + 114, -m = -u - 1. What is the tens digit of o?
3
Let b(i) = 3*i**3 - i + 8*i**2 - 2*i**3 - i**2 + 4 - 9. Let q be b(-7). Suppose 7*s - q*s = 90. What is the units digit of s?
8
Let m = 2874 + -2010. Suppose 514 = 3*g + 4*h, 5*g = -0*h - 3*h + m. What is the tens digit of g?
7
Let p be (-4)/(-6)*(-1 + 31). Suppose p = 2*c - 2*h, -2*c - 2*h + 24 = -5*h. What is the units digit of 2/4 + 87/c?
5
Let x(b) = 3*b + 3*b**2 - 16 + 0*b**2 - b**2. Let d = -12 + 7. What is the tens digit of x(d)?
1
What is the hundreds digit of 896 - (5 + -3) - -6?
9
Let a = -233 - -705. Suppose -14*l + 284 = -a. What is the tens digit of l?
5
Let a(u) = u**3 - 6*u**2 - 8*u + 11. Let y be a(7). Suppose -w - 112 = -2*s - y*w, -224 = -4*s - 4*w. What is the tens digit of s?
5
Let n = -632 - -1128. What is the tens digit of n?
9
Let v be 7*(-4 + 3 + 0). Let x = 12 + v. Let g = -3 + x. What is the units digit of g?
2
Suppose 7*x = x + 180. What is the hundreds digit of (-4)/x - (-13208)/60?
2
What is the tens digit of (39/(-2))/(6/(-360))?
7
Let l be (-119)/(-2) + (-10)/(-20). What is the tens digit of l - 7/((-21)/(-9))?
5
Let n = 389 - 27. Let j = n + -154. What is the hundreds digit of j?
2
Let p = -210 - -328. What is the hundreds digit of p?
1
Suppose -5*f - 2*g = -6, -4*f + g + 15 = 6*g. Let u = f - -47. What is the units digit of u?
7
Suppose 0 = 17*j - 10*j - 5201. What is the units digit of j?
3
Let a = 4 + -1. Let w = 11 - a. Suppose -2*o + 6 = -w. What is the units digit of o?
7
Suppose 14*c - 10*c + 4 = 0. What is the units digit of c - -5 - (9 + -31)?
6
Suppose 27 - 8987 = -32*d. What is the units digit of d?
0
Let j(m) be the first derivative of m**2/2 - m - 3. Let s(n) = 4*n - 14. Let p(a) = -6*j(a) + s(a). What is the tens digit of p(-9)?
1
Suppose -w - x = 3*x + 1, -3*x + 29 = 5*w. What is the hundreds digit of (-1 - w)*(427/4)/(-7)?
1
Let j = 1852 - 402. Suppose -2*t = -7*t + j. Suppose -t = -5*a - 5*c, 4*a - 2*a - 5*c = 81. What is the tens digit of a?
5
Let o be ((-4)/6)/((-6)/(-18)). Let d = -2 - o. Suppose -k - 3*k + 44 = d. What is the tens digit of k?
1
Let m(k) = -k**2 - 7*k + 2. Let y be m(-7). Suppose 6*t = y*t + 16, 2*j = t - 6. What is the tens digit of j/(0 - -3)*-171?
5
Let v(k) = 4*k - 11. Let g be v(4). Suppose -g*y = -14 - 11. What is the units digit of y?
5
What is the thousands digit of (12/80*5)/(1/2224)?
1
Suppose -68*f + 8999 = -131829. What is the units digit of f?
1
Suppose 0 = 3*l - 5*g - 91, -2*l - 4*g + 28 + 18 = 0. Suppose l = -w - 8. Let v = -6 - w. What is the tens digit of v?
2
Let w(k) = 9*k**2 - 30*k - 153. What is the hundreds digit of w(-18)?
3
Suppose 41*v - 36*v = 6180. What is the units digit of v?
6
Suppose 590 = 2*v - 4*o + 40, 4*v = 4*o + 1084. Let m = v - 126. What is the tens digit of m?
4
Let q = 6718 + -3688. What is the tens digit of q?
3
Let b(t) = t**2. Let s be b(2). Let u(f) = -f**2 + 3. Let o be u(0). What is the units digit of (-2)/(-8) + o/s?
1
Let f = 61 - 51. Suppose 17*r - f*r - 462 = 0. What is the tens digit of r?
6
Let a = 4798 - 2601. What is the tens digit of a?
9
Let l(w) = -4*w - 7. Let j be l(15). Let p = 128 + j. What is the tens digit of p?
6
Let f(m) = -21*m**3 - m**2 - 5*m - 32. What is the tens digit of f(-6)?
9
Let z be (-574)/(-3)*6/4. Suppose 5*o - z = -v, o + 3*o + v = 229. What is the units digit of o?
8
Suppose 4057 = 4*z - g, 2*z + 11*g - 8*g = 2039. What is the units digit of z?
5
Let h = 3293 - 1841. What is the hundreds digit of h?
4
Let n = -19 - -9. Let y = -4 - n. What is the units digit of y?
6
Suppose 5*y + 4*f - 2400 = 0, 0 = 3*y + 6*f - 2*f - 1432. What is the tens digit of y?
8
Suppose 2*w - 7*w + 20 = 0. Suppose -w*u + 9 = 1. Let v = 27 - u. What is the units digit of v?
5
Suppose 593 + 427 = 5*g. What is the units digit of g?
4
Suppose 22 = 5*o + 2. Suppose 3*r - o*r - 10 = -5*h, h + 4*r - 2 = 0. Suppose i = h*v - 19 + 66, 2*i - 3*v - 93 = 0. What is the units digit of i?
5
What is the hundreds digit of 9 + 1249/3 + 2/3?
4
Let k = 84 + -31. Suppose 107 = 2*j - k. Suppose -3*r + j = -61. What is the tens digit of r?
4
Suppose -5*y + 2*z + 8 = 0, 6*y + 3*z = y + 13. Suppose -792 = -10*g + y*g. What is the units digit of g?
9
Let q = -73 + 551. What is the tens digit of q?
7
Suppose 2*u + r = 2*r + 3317, -3*u - 5*r = -4969. What is the tens digit of u?
5
Suppose 3*i - 5 = 1. Suppose -2*g - i = -g. What is the tens digit of (-53)/g - 5/10?
2
Suppose 3*m + 0 = 6. What is the units digit of (11 + -5)*14/m?
2
Let a be (5/5)/((-4)/280). Suppose -2*k - 3*p - 2*p - 60 = 0, -p - 196 = 5*k. Let q = k - a. What is the units digit of q?
0
Let r(j) = j**3 + 3*j**2 + 4*j + 5. Let d be r(-3). What is the tens digit of 7/((d/3)/(-7))?
2
Let b be (-130)/(-14) + (-6)/21. Let z = b + 51. Suppose s + z = 4*s. What is the tens digit of s?
2
Let j(r) = 9 + 3*r + 9 - 2*r. What is the tens digit of j(-4)?
1
What is the tens digit of 481/((-12)/1440*-12)?
1
Suppose -2*c + 16 = -4*v, 4*v = 5*v - 4*c + 11. Let i be (-221)/(-52) + v/(-4). Suppose q - i = 9. What is the units digit of q?
4
Let v(x) = -x + 6. Let y be v(9). Let s be 4*((-7)/4 - -2). What is the units digit of -1*(-6 - y/s)?
3
Let x be (3/6)/(3/72). Suppose x = 4*p, -2*a - 2*a = 5*p - 31. Suppose -2*v + 12 + 68 = -a*t, 5*t - 200 = -5*v. What is the tens digit of v?
4
Let b(t) = 5*t**2 + 3*t - 4. Let h be b(1). Suppose 4*u = -2*k + 238, -u + 291 = h*u - 4*k. What is the tens digit of u?
5
What is the hundreds digit of 45602/22 + 40/220?
0
What is the tens digit of 68*81/36 + 2/(-2)?
5
Let l = 96 - 26. Suppose -5*v + l = -50. Suppose 20 = d + 3*x, 4*x = -d - 4 + v. What is the tens digit of d?
2
Suppose 1733*g - 1730*g = 2175. What is the tens digit of g?
2
S